Let a = -42 - -27. Let n = a + 29. What is the units digit of n?
4
Suppose 50 = b - 0*j + j, 2*j - 192 = -4*b. What is the units digit of b?
6
Let o(u) = u**2 + 7*u - 5. Let h(a) = -a**2 - a + 1. Let z(l) = -3*h(l) - o(l). What is the units digit of z(2)?
2
Suppose 1 = 2*u - u. Let d be 9 - (4 + -2 - u). Suppose -b - b = -d. What is the units digit of b?
4
Let i be (-2)/10 + 1/5. Suppose i*b = -2*b + 58. What is the tens digit of b?
2
Suppose 2*i + 1284 = 4*l, l + 2*i = 4*i + 318. What is the tens digit of l?
2
Let l(h) = -10*h**2 + h - 1. Let c be 1/2 - 2/(-4). Let a be l(c). Let o = 16 + a. What is the units digit of o?
6
What is the tens digit of 1/3 - 376/(-6)?
6
Let n = -76 + 106. Suppose 2*j + 0 - n = 0. Suppose -4*o + j = o. What is the units digit of o?
3
Let c(u) = 10*u**2 + 2*u + 1. Let p = -10 - -10. Suppose -g = -p + 1. What is the units digit of c(g)?
9
Let j be 2 + 4*(-3)/6. Suppose -1 = 3*r + 5*l - j*l, -4*l - 8 = 0. What is the tens digit of (-138)/(-10) - r/(-15)?
1
Let z be (-1 + 2)*(-1 - -3). Let m(g) = -2*g + 4. Let f be m(0). Suppose -8 = -z*w + f. What is the units digit of w?
6
Let z(l) = -l**2 + 2*l + 7. Let t be z(0). Suppose m - t = 5. What is the tens digit of m?
1
Let i = -72 - -122. What is the units digit of i?
0
Let a = 1 - -17. What is the tens digit of a?
1
Let f = -3 + 7. Let n = f - 4. Let c = n - -9. What is the units digit of c?
9
Let a(g) = -g**3 + 9*g**2 + 11*g - 2. Let s be a(10). What is the tens digit of 4/s*-6 - -28?
2
Suppose -2*a + 2*s = a - 6, -3*a - 5*s = 15. Suppose 9*z - 4*z - 120 = a. What is the units digit of z?
4
Let a = -49 + 58. What is the units digit of a?
9
Let t = -4 + 12. Let j = 18 - t. What is the units digit of j?
0
Let x(c) = 5*c**2 - 2*c - 6. What is the tens digit of x(-4)?
8
Suppose 5*t + 5*h = 365, -t - t + 153 = -5*h. What is the tens digit of t?
7
Suppose 22 = -3*a - 5. Let k = a - -13. What is the units digit of k?
4
Let w be (-2)/(-4) + 11/2. Let d(v) = -v**2 + 8*v + 1. What is the tens digit of d(w)?
1
Suppose r = 3*r + 4*j, 0 = r - 5*j. Let b(g) = g**3 + g**2 + g + 6. What is the units digit of b(r)?
6
Suppose 4*t = 3*f - 37, 0 = -4*f + 5*t - 4*t + 45. Let j = -4 + f. Suppose -b + 7 = -5*s, -3*b - 2*s + j = 3. What is the units digit of b?
2
Let v = -152 + 316. What is the tens digit of v?
6
Let i(j) = j**3 + 3*j**2 - 3*j. Let x be -6*2*1/4. Let h be i(x). Suppose 0 = -o + 2*w + h, 3*w - 27 = -3*o - 0. What is the units digit of o?
9
Suppose -4*w = -3*b + 8, 4*w - 2*b - 1 + 13 = 0. Let s = w + -1. Let q(u) = -u**3 - 5*u**2 + 3*u - 5. What is the tens digit of q(s)?
1
Let i(h) = 5*h - 5 + 5. Let y be i(1). Suppose -2*a + y = -7. What is the units digit of a?
6
Suppose -4*z + 12 = -0*z. Suppose 4*l - 226 = -5*k, 8*l + 189 = 4*k + z*l. What is the units digit of 4/10 + k/10?
5
Suppose 3*k - 2*o = -12, -2*k + o = 4*o + 8. What is the units digit of 60/48 + 1/k?
1
Suppose 15 = 4*b - b + 4*r, 3*b = -r + 24. What is the units digit of b?
9
Let n(w) = -w**3 + 14*w**2 - w + 9. Let c be n(14). What is the units digit of (-3 - c) + 1 - -8?
1
Suppose -5 = -5*d, -3*o - 3*d + d + 209 = 0. What is the units digit of o?
9
Let j(z) = 10*z + 66. What is the hundreds digit of j(16)?
2
Let p be -2 + 0 - (-1 + -5). Suppose -2*z = -p*s + s + 4, -3*s + 7 = z. What is the units digit of z?
1
Let n = 23 + -50. Let w = -7 - n. What is the units digit of w?
0
Let l(j) = 6*j**2 + 3*j + 7. What is the units digit of l(-3)?
2
Let k = 42 + -22. Suppose k = -4*f, -b + f + 7 - 2 = 0. Suppose -h + 4 = -b*h. What is the units digit of h?
4
Let q = 10 - -108. What is the units digit of q?
8
Let h(y) = -y**2 - y + 1. Let n be h(-2). Let c = 12 + -5. Let o = c + n. What is the units digit of o?
6
Let u = -30 + 102. Suppose -3*p + 30 = -u. What is the units digit of p?
4
Let h = -5 - -6. What is the units digit of 3/h + -1 + 2?
4
Let g(r) = r - 5. Let y(b) = b**3 - 6*b**2 - 7*b + 7. Let m be y(7). Suppose -f + 0 + m = 0. What is the units digit of g(f)?
2
Let d(u) be the third derivative of 1/60*u**5 + 0*u - 5/6*u**3 - 7/24*u**4 + 3*u**2 + 0. What is the tens digit of d(9)?
1
Suppose -z + 7 + 3 = 0. What is the units digit of z?
0
Let d(v) = -v**2 + 10*v + 11. Let g be d(9). Suppose 5*n = g - 0. What is the units digit of n?
4
Let z(d) = d**2 + 9*d + 10. Let h be 162/8 + (-1)/4. Let b be (-1)/4 + (-155)/h. What is the units digit of z(b)?
2
Suppose 4*f = y - 3*y + 148, -3*f + 3*y + 102 = 0. Suppose -f = -2*d - d. Suppose -5*a + 3 = -d. What is the units digit of a?
3
Let w(r) = r**3 - 2*r**2 + 197. What is the units digit of w(0)?
7
Let q be (3/(-6))/((-4)/(-632)). Let t = q + 112. What is the tens digit of t?
3
Let m be 5 - (-2 - -1 - -3). Let n be (0 - -1) + 5 - 2. Suppose n*o - 2 = m*o. What is the units digit of o?
2
Let a(g) = g**3 + 9. Let f be a(0). Let o = f - 1. What is the units digit of o?
8
Suppose 1 = -0*d + d. Let t be -12*(9/6 - d). What is the units digit of (t/(-5))/((-3)/(-10))?
4
Let j(k) = -k**2 + 1. Let i be j(1). Suppose 0 = -2*u + 12 - i. Let w(o) = o**2 - 3*o - 5. What is the tens digit of w(u)?
1
Let b(n) be the second derivative of n**5/20 + 5*n**4/12 + 2*n**3/3 + n**2 + 3*n. Let p be b(-3). Let a(m) = m**2 - 6*m - 6. What is the tens digit of a(p)?
1
Suppose 149 = k - 3*f, -5*k + 3*k + 5*f = -294. What is the units digit of k?
7
Let o be 13016/104 - (-2)/(-13). Suppose -20 + o = 3*s. What is the units digit of s?
5
Suppose 0*n + 2*n = y - 18, 4*y - 48 = 2*n. What is the tens digit of y?
1
Suppose 0 = 4*o - 5*o + 4*g + 44, -4*o - 2*g + 122 = 0. What is the tens digit of o?
3
Let x = 11 - 8. Let f(d) = 5*d - 1. Let m be f(2). Let l = x + m. What is the units digit of l?
2
Let f(d) = d**2 + 9*d + 6. Let g be f(-5). Let o = g + 31. What is the units digit of o?
7
Let f = 70 - -17. Suppose 0 = -3*j - 3*w + f, -3*j + 2*w - w + 75 = 0. What is the units digit of j?
6
Suppose -2*m - 3*q = -55 - 51, 0 = -2*q. Let c = m + -25. What is the units digit of c?
8
Let f be (24/9)/(-1)*3. Let l = f - -13. Suppose 0*m + l*x - 3 = m, 0 = m - 2*x - 3. What is the units digit of m?
7
Let v = 8 + 6. Let t be 4/v + 132/28. Suppose -3*d - t*o + 40 = 0, 2*o - 7 + 2 = d. What is the units digit of d?
5
What is the tens digit of (5/3)/(5/75)?
2
What is the units digit of 89/((-2 - -3)*(-2 + 3))?
9
Let x(b) = -b**3 + 8*b + 10. What is the hundreds digit of x(-6)?
1
Let l be (-21)/12 - (-2)/(-8). Let y(v) be the second derivative of -v**3/6 - v**2/2 - 3*v. What is the units digit of y(l)?
1
Let j(s) = 4*s**2 - 2*s + 1. Let b be j(2). Suppose -5*d + 5*l = -27 - b, -12 = 4*l. What is the units digit of d?
5
Let v be 357/39 + 4/(-26). What is the units digit of (v/(-27))/((-2)/30)?
5
Let s(f) = 3*f - 1. Let u be s(-1). Let n be 2/(-1) + u/1. Let c = n + 9. What is the units digit of c?
3
Let c(u) = 2*u**3 + 5*u**2 + 4*u + 3. Let v be c(-2). Let s(j) = 48*j**2 - j - 1. What is the units digit of s(v)?
8
Let m(v) = v**2 - v - 2. Let f be m(3). Suppose 0 = 3*j, 0 = 5*y + 3*j - 160. Suppose f*h - y + 0 = 0. What is the units digit of h?
8
Let o = 111 - 95. What is the tens digit of o?
1
Let g = 37 + 38. What is the tens digit of g?
7
Let a be 1 + -2 - -3 - 15. Let v = -6 - a. Let l = -3 + v. What is the units digit of l?
4
Suppose 0*f = -4*f + 24. Suppose -f*k = -k - j + 7, -5*k - j = 3. Let p = k - -10. What is the units digit of p?
9
Let g(y) = 10*y - 4. Let k be g(4). Let v = 0 - -4. Suppose 0 = -2*w - 3*t + k, 2*t + 2*t - 72 = -v*w. What is the tens digit of w?
1
Let o(r) = -r**3 + 8*r**2 - 6*r + 6. Let a be o(7). Suppose 2*d - i + 0*i - 9 = 0, -a = -4*d - 3*i. Suppose d*g - 60 = -g. What is the tens digit of g?
1
Suppose 0 = 5*f - 6 - 4. Suppose -f*y - 4 - 4 = -p, -y = 0. Suppose 5*d - 18 = -p. What is the units digit of d?
2
Let p(s) = -s**3 + 9*s**2 - s + 11. Let k be p(9). What is the units digit of (-5)/((-5)/k) + 7?
9
Suppose 2*j + s = 24 - 1, 4*j = -s + 45. What is the units digit of j?
1
Suppose -5*b - 4*z = -b, 5*b - 3*z = -8. Let m = 12 + b. What is the tens digit of m?
1
What is the units digit of (-22)/44 - (-30)/4?
7
Suppose 2*f - 351 - 159 = 0. What is the tens digit of f?
5
Let f(u) = 5*u - 22. What is the units digit of f(15)?
3
Let t(j) = 164*j - 10. What is the units digit of t(1)?
4
Let p(z